e z(-4).
182
Let n(k) = 692567*k - 2077705. Determine n(3).
-4
Let g(c) = 2*c**3 - 3*c**2 - 96*c + 270. Give g(3).
9
Let k(r) = -r**3 + 143*r**2 - 230*r + 12455. Determine k(142).
-41
Let n(k) = 23*k**2 - 20355*k - 20356. Determine n(-1).
22
Let s(p) = -p**3 + 45*p**2 + 499*p - 9840. What is s(51)?
3
Let j(r) = 3*r**2 + 298*r - 17627. Calculate j(-141).
-2
Let s(y) = 1477*y - 11779. What is s(8)?
37
Let b(q) = -83*q**3 + 255*q**2 + 11*q + 9. Determine b(3).
96
Let x(n) = -n**3 - 27*n**2 + 541*n + 14624. Calculate x(-27).
17
Let m(d) = 1330*d + 27718. Determine m(-21).
-212
Let n(o) = -19360*o - 522713. Give n(-27).
7
Let g(p) = -62*p**3 - 6*p**2 - 366*p + 353. Determine g(1).
-81
Let l(o) = -21566*o + 64740. What is l(3)?
42
Let c(l) = 548*l**3 + 16988*l**2 + 21*l + 635. What is c(-31)?
-16
Let q(o) = 66*o**2 + 25*o - 104. Calculate q(4).
1052
Let n(v) = 300590*v + 5711195. What is n(-19)?
-15
Let j(a) = -1487*a + 17937. Give j(12).
93
Let p(z) = -210*z + 389. Calculate p(2).
-31
Let o(g) = 1333*g**3 - 9334*g**2 + 14*g - 30. Determine o(7).
-79
Let n(o) = -581*o**2 + 1158*o + 11. Give n(2).
3
Let c(b) = 5*b**2 + 2357*b + 11800. Determine c(-5).
140
Let i(y) = 2*y**3 + 384*y**2 - 367*y + 3684. Calculate i(-193).
17
Let o(f) = -f**2 + 4025*f - 24116. Calculate o(6).
-2
Let d(c) = -2*c**2 + 496*c - 7368. Calculate d(15).
-378
Let w(x) = -579976*x - 8. Determine w(0).
-8
Let j(m) = 1548*m**2 - 10744*m - 656. What is j(7)?
-12
Let j(a) = -6*a**2 - 363*a + 252. Determine j(-62).
-306
Let c(s) = 7*s**2 + 764*s - 2085. What is c(-112)?
155
Let f(w) = 574785*w + 5. Determine f(0).
5
Let t(h) = -16*h - 56. What is t(-3)?
-8
Let p(w) = -125*w**2 + 52*w + 46. Determine p(-1).
-131
Let k(j) = 436*j - 26572. Give k(61).
24
Let h(a) = 441*a - 1264. What is h(3)?
59
Let b(s) = 1348*s - 19319. Give b(14).
-447
Let h(o) = o**3 - 443*o**2 + 22651*o + 1602. Give h(384).
-318
Let q(r) = r**2 - 628*r + 11905. Give q(19).
334
Let z(h) = 502*h + 1290. Give z(-4).
-718
Let l(h) = h**3 + 46*h**2 + 58*h + 6587. Determine l(-48).
-805
Let q(b) = 8879*b - 79552. Give q(9).
359
Let u(h) = -h**3 - 90*h**2 + 985*h - 1523. Give u(-100).
-23
Let b(k) = -2*k**2 + 576*k + 24049. Determine b(-37).
-1
Let m(n) = -15342*n + 45333. Give m(3).
-693
Let r(q) = -q**2 + 108*q - 284. Determine r(118).
-1464
Let t(m) = 2*m**3 - 2*m**2 - 106*m + 102. What is t(7)?
-52
Let a(z) = -2*z**3 - 19*z**2 + 31*z + 17. Give a(-9).
-343
Let j(t) = 10*t**3 + 495*t**2 + 176*t + 395. Determine j(-49).
3776
Let m(g) = 712*g**2 + 46*g + 15. Determine m(-1).
681
Let d(i) = -14261*i + 141887. Determine d(10).
-723
Let n(z) = -z**3 - 45*z**2 + 45*z - 403. Determine n(-46).
-357
Let p(a) = 14*a**2 + 3442*a - 31069. What is p(9)?
1043
Let f(g) = -50433*g - 151224. Determine f(-3).
75
Let u(l) = 49956*l - 349684. What is u(7)?
8
Let r(a) = -99*a**2 + 2383*a - 161. Give r(24).
7
Let i(v) = v**3 - 62*v**2 + 430*v - 938. Determine i(4).
-146
Let q(i) = -40665*i - 16144011. What is q(-397)?
-6
Let a(d) = -d**2 + 6481*d - 1425687. Determine a(228).
-3
Let k(n) = 45*n**3 - 1324*n**2 - 3714*n + 18. What is k(32)?
-46
Let w(g) = -36635*g + 1355488. Give w(37).
-7
Let l(m) = -122*m + 4848. What is l(48)?
-1008
Let d(h) = -h**2 + 37*h + 389. Give d(47).
-81
Let k(c) = 2653*c**2 - 72*c - 74. Give k(-1).
2651
Let t(i) = -i**3 + 55*i**2 - 138*i - 5308. Give t(13).
-4
Let l(n) = -239*n + 165. Give l(8).
-1747
Let q(w) = w**2 - 8384*w - 100757. Give q(-12).
-5
Let u(c) = 7936*c**2 + 47614*c - 13. Give u(-6).
-1
Let l(t) = t**3 + 259*t**2 + 729*t - 10028. Determine l(-256).
-44
Let h(u) = -u**3 + 22*u**2 - 10*u - 119. Calculate h(-6).
949
Let i(o) = 3*o**3 + 67*o**2 + 125*o + 844. What is i(-21)?
-17
Let f(o) = -27887*o + 557737. Calculate f(20).
-3
Let b(s) = 3162560*s + 34788146. What is b(-11)?
-14
Let n(s) = -s**2 - 123*s + 39673. Determine n(152).
-2127
Let o(s) = 13*s**3 + 374*s**2 - 134*s - 1335. Calculate o(-29).
28
Let d(n) = n**3 - 10*n**2 + 1835*n + 3713. Give d(-2).
-5
Let k(p) = -9*p**2 - 937*p - 12755. Determine k(-88).
5
Let z(j) = 820*j**2 - 14*j + 37. Give z(-2).
3345
Let c(a) = a**3 + 108*a**2 - 43*a - 422. Determine c(-108).
4222
Let j(n) = n**3 + 119*n**2 + 160*n + 19085. Calculate j(-119).
45
Let q(a) = -a**3 + 19*a**2 - 177*a + 634. What is q(6)?
40
Let x(c) = -3*c + 544. Determine x(174).
22
Let j(y) = 1639*y - 414767. Calculate j(253).
-100
Let m(c) = c**3 - 32*c**2 - 79*c + 758. What is m(34)?
384
Let h(g) = -g**3 - 9*g**2 - 65*g - 720. Determine h(-13).
801
Let a(y) = y**2 - 530*y + 18712. Give a(492).
16
Let c(y) = -55486*y + 2385854. Calculate c(43).
-44
Let w(n) = 2467*n + 26534. What is w(-10)?
1864
Let t(h) = -482*h + 2240. What is t(6)?
-652
Let o(i) = 12565*i + 2600952. What is o(-207)?
-3
Let x(t) = 33*t**3 - 12*t**2 - 3*t + 8. Determine x(-1).
-34
Let m(y) = -y**3 - 227*y**2 - 956*y - 14609. Determine m(-223).
-337
Let c(h) = 107359*h - 429440. Calculate c(4).
-4
Let a(t) = -t**2 + 1957*t + 46549. Determine a(-24).
-995
Let d(g) = -46892*g**2 - 140648*g + 69. Give d(-3).
-15
Let p(z) = 25*z**3 + 6*z**2 - 21*z - 64. Determine p(-2).
-198
Let l(h) = 16*h**3 + 1411*h**2 - 28204*h + 4316. What is l(-105)?
11
Let l(j) = 5159*j + 196074. Give l(-38).
32
Let n(u) = -7*u**2 - 1022*u - 6808. Give n(-7).
3
Let c(q) = 3*q**3 + 402*q**2 - 7*q - 885. Calculate c(-134).
53
Let g(u) = 1340500*u + 20107514. Calculate g(-15).
14
Let s(f) = 16*f**2 + 7737*f + 4357. What is s(-483)?
10
Let d(q) = -2*q**2 + 13384*q - 585026. What is d(44)?
-2
Let c(p) = 4*p**3 + 168*p**2 - 3*p + 110. Calculate c(-42).
236
Let c(y) = y**3 + 139*y**2 + 268*y - 2885. Give c(-137).
-2063
Let s(w) = w**3 - w**2 + 4025*w - 126. What is s(0)?
-126
Let i(v) = -35*v**2 + 3626*v - 10875. What is i(3)?
-312
Let n(c) = c**3 + 284*c**2 + 1736*c + 19529. Determine n(-278).
625
Let u(x) = 556480*x + 23928633. Give u(-43).
-7
Let w(t) = -45916*t - 367304. Give w(-8).
24
Let a(o) = 60*o**2 - 5268*o - 26363. Determine a(-5).
1477
Let l(m) = 23*m**3 + 253*m**2 - 454*m - 115. Give l(2).
173
Let p(z) = 50*z**2 - 1299*z + 16. Give p(26).
42
Let y(v) = 298561*v + 84492757. What is y(-283)?
-6
Let a(s) = 12242*s**2 + 159146*s + 2. Give a(-13).
2
Let d(q) = 4411*q - 66692. Determine d(15).
-527
Let i(s) = -5*s**2 - 46*s + 341. Determine i(12).
-931
Let s(f) = 7*f**2 - 1062*f - 117515. What is s(226)?
5
Let s(k) = -k**3 - 117*k**2 + 2577*k - 882. Give s(-136).
70
Let m(o) = 7156*o + 1409828. Give m(-197).
96
Let c(k) = -2*k**2 + 747*k + 20762. What is c(-26)?
-12
Let z(d) = 138*d**2 + 100*d + 215. Determine z(-2).
567
Let l(z) = -z**3 + 24*z**2 - 53*z + 28. What is l(12)?
1120
Let x(p) = -25*p**2 - 1975*p - 17. Determine x(-79).
-17
Let g(b) = -1889418*b + 13225904. Calculate g(7).
-22
Let q(t) = t**3 - 54*t**2 + 465*t + 64. What is q(43)?
-280
Let i(t) = t**2 - 824039*t + 61797307. What is i(75)?
7
Let j(k) = -k**3 + 50*k**2 - 331*k + 11297. Calculate j(48).
17
Let j(v) = 869*v**2 - 116612*v + 22242. Calculate j(134).
-2
Let m(c) = 20*c**3 - 644*c**2 + 1303*c - 40. Calculate m(2).
150
Let z(g) = -5*g**3 - 1212*g**2 - 624*g - 33885. What is z(-242)?
-5
Let t(n) = -2*n**3 + 349*n**2 + 526*n + 307. Determine t(176).
-45
Let g(o) = o**2 - 148*o - 7038. What is g(-38)?
30
Let w(d) = 34217*d + 33990. Determine w(-1).
-227
Let p(w) = w**2 + 26*w + 655. Determine p(-34).
927
Let r(n) = -1354*n**3 + 157057*n**2 + 812*n + 1. What is r(116)?
1
Let y(k) = -775*k + 11633. Determine y(15).
8
Let l(k) = 5435*k + 1250050. Calculate l(-230).
0
Let j(o) = -98318*o + 589935. What is j(6)?
27
Let s(q) = 2*q**2 + 207*q - 1671. Give s(-111).
-6
Let a(o) = 19*o**2 - 744*o - 77. Calculate a(43).
3062
Let i(l) = -21108*l - 10406265. Determine i(-493).
-21
Let i(b) = b**3 - 304*b**2 - 6480*b + 917. Calculate i(324).
917
Let t(v) = v**3 - 44*v**2 - 1634*v + 71327. Calculate t(45).
-178
Let d(a) = 3393*a - 2999371. What is d(884)?
41
Let u(q) = 1512*q**2 - 3*q + 730. What is u(0)?
730
Let d(g) = -399894*g + 799814. What is d(2)?
26
Let a(b) = -83*b**2 - 16760*b + 365. Calculate a(-202).
-847
Let o(f) = -2*f**3 + 79*f**2 - 687*f + 315. Determine o(27).
-9
Let x(s) = s**2 - 4239*s - 188455. Determine x(-44).
-3
Let f(j) = -4*j**2 + 3063*j + 70129. Determine f(788).
-3
Let o(s) 